tors of 1314042?
2, 3, 389, 563
What are the prime factors of 130930?
2, 5, 13093
List the prime factors of 7824528.
2, 3, 67, 811
What are the prime factors of 3404704?
2, 106397
List the prime factors of 365352.
2, 3, 13, 1171
List the prime factors of 152177.
43, 3539
List the prime factors of 1262830.
2, 5, 293, 431
List the prime factors of 78967.
7, 29, 389
List the prime factors of 519285.
3, 5, 13, 2663
List the prime factors of 1678706.
2, 839353
What are the prime factors of 22422152?
2, 227, 12347
What are the prime factors of 7400779?
23, 233, 1381
List the prime factors of 1670439.
3, 37, 101, 149
List the prime factors of 131142.
2, 3, 11, 1987
What are the prime factors of 6656382?
2, 3, 31, 79, 151
What are the prime factors of 2277396?
2, 3, 11, 71
List the prime factors of 127230.
2, 3, 5, 4241
What are the prime factors of 7474207?
13, 574939
What are the prime factors of 1022438?
2, 47, 73, 149
List the prime factors of 142300.
2, 5, 1423
What are the prime factors of 929873?
7, 2711
What are the prime factors of 16216999?
31, 523129
List the prime factors of 109112.
2, 23, 593
What are the prime factors of 6886031?
137, 50263
List the prime factors of 153697.
17, 9041
What are the prime factors of 313744?
2, 19609
What are the prime factors of 111315?
3, 5, 41, 181
List the prime factors of 272797.
7, 38971
What are the prime factors of 74351?
149, 499
What are the prime factors of 211646?
2, 23, 43, 107
List the prime factors of 433528.
2, 47, 1153
What are the prime factors of 436224?
2, 3, 71
What are the prime factors of 12050155?
5, 13, 89, 2083
List the prime factors of 4792508.
2, 7, 171161
List the prime factors of 3652841.
17, 151, 1423
What are the prime factors of 284855?
5, 23, 2477
What are the prime factors of 495399?
3, 165133
What are the prime factors of 424334?
2, 212167
What are the prime factors of 1353741?
3, 47, 9601
List the prime factors of 7028208.
2, 3, 11, 17, 29
What are the prime factors of 25612?
2, 19, 337
List the prime factors of 5296364.
2, 19, 227, 307
What are the prime factors of 2126849?
2126849
What are the prime factors of 9338964?
2, 3, 778247
List the prime factors of 12315632.
2, 7, 109961
What are the prime factors of 8434964?
2, 37, 56993
List the prime factors of 4463911.
17, 262583
What are the prime factors of 11361010?
2, 5, 167, 6803
What are the prime factors of 160850?
2, 5, 3217
List the prime factors of 12631974.
2, 3, 2105329
What are the prime factors of 358850?
2, 5, 7177
What are the prime factors of 26221721?
101, 259621
What are the prime factors of 4103750?
2, 5, 7, 67
What are the prime factors of 14602?
2, 7, 149
List the prime factors of 716933.
7, 23, 61, 73
What are the prime factors of 1511764?
2, 139, 2719
What are the prime factors of 2497498?
2, 631, 1979
List the prime factors of 544687.
11, 13, 293
List the prime factors of 249506.
2, 124753
What are the prime factors of 888822?
2, 3, 11, 67
List the prime factors of 9324280.
2, 5, 7, 33301
What are the prime factors of 720008?
2, 90001
List the prime factors of 160565.
5, 17, 1889
What are the prime factors of 957112?
2, 13, 9203
What are the prime factors of 157102?
2, 11, 37, 193
What are the prime factors of 3211717?
3211717
List the prime factors of 182580.
2, 3, 5, 17, 179
What are the prime factors of 683542?
2, 341771
What are the prime factors of 1885872?
2, 3, 101, 389
List the prime factors of 8521.
8521
What are the prime factors of 296705?
5, 59341
What are the prime factors of 61009?
13, 19
What are the prime factors of 3725973?
3, 137999
List the prime factors of 38177.
38177
List the prime factors of 1251138.
2, 3, 7, 29789
List the prime factors of 295122.
2, 3, 101, 487
List the prime factors of 294941.
59, 4999
List the prime factors of 6199693.
6199693
List the prime factors of 302443.
302443
What are the prime factors of 662199?
3, 307, 719
What are the prime factors of 43489?
157, 277
What are the prime factors of 39187743?
3, 7, 1866083
List the prime factors of 1358204.
2, 457, 743
List the prime factors of 1040590.
2, 5, 104059
What are the prime factors of 1037720?
2, 5, 25943
List the prime factors of 14120594.
2, 179, 39443
What are the prime factors of 679618?
2, 419, 811
List the prime factors of 476290.
2, 5, 47629
List the prime factors of 1523845.
5, 37, 8237
What are the prime factors of 775440?
2, 3, 5, 359
List the prime factors of 2893615.
5, 557, 1039
List the prime factors of 55419.
3, 7, 13, 29
List the prime factors of 1539873.
3, 23, 43, 173
List the prime factors of 1551137.
7, 71, 3121
What are the prime factors of 144287?
11, 13, 1009
List the prime factors of 65279.
29, 2251
List the prime factors of 4911154.
2, 2455577
What are the prime factors of 67167?
3, 17, 439
List the prime factors of 4719952.
2, 294997
What are the prime factors of 3556188?
2, 3, 173, 571
What are the prime factors of 34931?
13, 2687
List the prime factors of 19942606.
2, 9971303
What are the prime factors of 2013732?
2, 3, 7, 61, 131
List the prime factors of 210053.
210053
List the prime factors of 2231942.
2, 89, 12539
What are the prime factors of 7319501?
7, 1045643
List the prime factors of 9633325.
5, 13, 29641
List the prime factors of 204235.
5, 40847
What are the prime factors of 8267817?
3, 47, 191, 307
List the prime factors of 21915564.
2, 3, 11, 166027
What are the prime factors of 678060?
2, 3, 5, 3767
List the prime factors of 367590.
2, 3, 5, 12253
List the prime factors of 3246437.
359, 9043
What are the prime factors of 165310?
2, 5, 61, 271
What are the prime factors of 3379858?
2, 1689929
List the prime factors of 8751341.
8751341
List the prime factors of 1096031.
1096031
What are the prime factors of 27874?
2, 7, 11, 181
What are the prime factors of 287584?
2, 11, 19, 43
What are the prime factors of 4717742?
2, 53, 44507
List the prime factors of 75828.
2, 3, 71, 89
List the prime factors of 489024.
2, 3, 283
List the prime factors of 1797112.
2, 41, 5479
List the prime factors of 434144.
2, 13567
List the prime factors of 4544011.
31, 146581
List the prime factors of 138864.
2, 3, 11, 263
List the prime factors of 154821.
3, 51607
List the prime factors of 90179.
31, 2909
List the prime factors of 3979858.
2, 1021, 1949
What are the prime factors of 14949613?
7, 17, 125627
What are the prime factors of 2235276?
2, 3, 6899
List the prime factors of 284823.
3, 7, 11, 137
What are the prime factors of 424806?
2, 3, 101, 701
List the prime factors of 11299430.
2, 5, 37, 30539
List the prime factors of 2964074.
2, 347, 4271
What are the prime factors of 261047?
41, 6367
What are the prime factors of 1317467?
89, 113, 131
What are the prime factors of 1629932?
2, 407483
List the prime factors of 197729.
7, 47, 601
List the prime factors of 17010801.
3, 1890089
What are the prime factors of 2118304?
2, 53, 1249
What are the prime factors of 20743?
20743
What are the prime factors of 1505459?
1505459
What are the prime factors of 602820?
2, 3, 5, 17, 197
What are the prime factors of 664603?
664603
List the prime factors of 116570.
2, 5, 11657
List the prime factors of 143433.
3, 15937
List the prime factors of 103169.
11, 83, 113
List the prime factors of 130548.
2, 3, 11, 23, 43
List the prime factors of 147810.
2, 3, 5, 13, 379
List the prime factors of 1312063.
317, 4139
What are the prime factors of 29378869?
13, 2259913
List the prime factors of 26868966.
2, 3, 4478161
What are the prime factors of 1176334?
2, 588167
What are the prime factors of 270867?
3, 90289
List the prime factors of 8646246.
2, 3, 7, 9803
What are the prime factors of 4843989?
3, 179407
What are the prime factors of 837098?
2, 67, 6247
List the prime factors of 629752.
2, 223, 353
What are the prime factors of 6431137?
41, 227, 691
What are the prime factors of 390266?
2, 83, 2351
List the prime factors of 1494734.
2, 523, 1429
List the prime factors of 47395.
5, 9479
List the prime factors of 8376148.
2, 11, 190367
What are the prime factors of 22114?
2, 11057
What are the prime factors of 4127050?
2, 5, 59, 1399
What are the prime factors of 3200377?
1777, 1801
List the prime factors of 17305713.
3, 19, 101203
What are the prime factors of 1333173?
3, 19, 1231
What are the prime